{"id":169,"date":"2025-01-26T13:50:03","date_gmt":"2025-01-26T13:50:03","guid":{"rendered":"https:\/\/www.elinavainikainen.fi\/?page_id=169"},"modified":"2025-01-26T13:50:03","modified_gmt":"2025-01-26T13:50:03","slug":"kuka-mina-olen","status":"publish","type":"page","link":"https:\/\/www.elinavainikainen.fi\/?page_id=169","title":{"rendered":"Kuka min\u00e4 olen?"},"content":{"rendered":"\n<p>Morjens! Olen Elina, ammattimaailmanparantaja Vallilasta. Synnyin 45 vuotta sitten turkulaiseen duunariperheeseen, muutin lukion j\u00e4lkeen Tampereelle opiskelemaan ja viimeiset 15 vuotta olen vaikuttanut Helsingiss\u00e4. Ty\u00f6skentelen ajatuspaja <a href=\"https:\/\/vasemmistofoorumi.fi\/\">Vasemmistofoorumin<\/a> tiedottajana ja <a href=\"http:\/\/ksl.fi\">KSL-opintokeskuksen<\/a> kouluttajana, koska mik\u00e4\u00e4n ei ole niin t\u00e4rke\u00e4\u00e4 kuin ty\u00f6v\u00e4en sivistysty\u00f6. Olen perheeni ensimm\u00e4inen ylioppilas ja sukuni ensimm\u00e4inen akateeminen, ja haluan, ett\u00e4 my\u00f6s nykyisill\u00e4 ja tulevilla ty\u00f6v\u00e4enluokan kakaroilla on mahdollisuus rikkoa omat lasikattonsa. Ja jos titteleit\u00e4 kysyt\u00e4\u00e4n, olen yhteiskuntatieteiden maisteri, kasvatustieteiden kandidaatti, yhteis\u00f6pedagogi (amk), ammatillinen opettaja ja aikuiskasvatustieteen maisteriopiskelija. Kasvatustieteen kandity\u00f6ni k\u00e4sitteli toimijuuden rakentumista ty\u00f6v\u00e4enliikett\u00e4 l\u00e4hell\u00e4 olevassa vapaassa sivistysty\u00f6ss\u00e4, ja aion jatkaa t\u00e4m\u00e4n parissa my\u00f6s gradussa &#8211; sitten vaalien j\u00e4lkeen.\u00a0<\/p>\n\n\n\n<p>Puoluetoimijana <a href=\"https:\/\/vasemmisto.fi\/\">Vasemmistoliitossa <\/a>olen keskittynyt viime vuosina kehitt\u00e4mis- ja ohjelmaty\u00f6h\u00f6n. Olen toisen kauden puoluevaltuutettu, tasa-arvo- ja yhdenvertaisuusty\u00f6ryhm\u00e4n puheenjohtaja sek\u00e4 antirasistisen ty\u00f6ryhm\u00e4n j\u00e4sen. Olen toiminut vuosien saatossa aktiivisesti sek\u00e4 omassa piiriss\u00e4ni <a href=\"https:\/\/helsinki.vasemmisto.fi\/\">Helsingin Vasemmistossa<\/a> sek\u00e4 puolueosastossani <a href=\"http:\/\/www.vasemmistolinkki.fi\/\">Vasemmistolinkiss\u00e4<\/a>.\u00a0<\/p>\n\n\n\n<p>Erityisen l\u00e4hell\u00e4 syd\u00e4nt\u00e4ni ovat syrjim\u00e4tt\u00f6m\u00e4t ja osallistavat yhteis\u00f6t, ja olen kirjoittanut t\u00e4st\u00e4 teemasta KSL:lle kaksi opasta.<a href=\"https:\/\/www.ksl.fi\/julkaisut\/avoin-osasto\/\"> Avoin osasto <\/a>(2021) keskittyy puolueosaston osallistavan toiminnan kehitt\u00e4miseen, <a href=\"https:\/\/www.ksl.fi\/julkaisut\/syrjimaton-kieli\/\">Syrjim\u00e4t\u00f6n kieli<\/a> (2022) syrjim\u00e4tt\u00f6m\u00e4\u00e4n ja inklusiiviseen kielenk\u00e4ytt\u00f6\u00f6n ja viestint\u00e4\u00e4n. Koulutan n\u00e4ist\u00e4 teemoista (ja sen lis\u00e4ksi yhteis\u00f6viestinn\u00e4st\u00e4 yleisesti ja Canvan k\u00e4yt\u00f6st\u00e4 erityisesti) sek\u00e4 avoimia koulutuksia ett\u00e4 tilauksesta, ja tulen my\u00f6s mielell\u00e4ni niist\u00e4 vapaamuotoisemmin puhumaan.\u00a0<\/p>\n\n\n\n<p>Rakastan marsuja, maatiaiskissoja, pitki\u00e4 kahvijuomia, hevi\u00e4, pimeytt\u00e4 ja joukkovoimaa. Laulan <a href=\"https:\/\/unreality.fi\/\">n\u00f6rttikuorossa<\/a> ja <a href=\"https:\/\/www.facebook.com\/lyckokattervocal\">diskanttiensembless\u00e4<\/a>, luen asiakirjallisuutta ja neulon monimutkaisia palmikoita. Tyylini on <a href=\"https:\/\/medium.com\/the-establishment\/toddler-grandma-style-the-fashion-approach-that-will-set-you-free-92f787202928\">toddler grandma<\/a>, eik\u00e4 mik\u00e4\u00e4n v\u00e4ri, asuste tai meikki ole minulle liian \u00f6veri. Isona minusta tulee Jean-Luc Picard, oikeamielinen tutkimusmatkaaja ja t\u00e4htilaivan kapteeni. Ja maailman kaunein sana, se on edelleen solidaarisuus.\u00a0<\/p>\n\n\n\n<blockquote class=\"wp-block-quote is-layout-flow wp-block-quote-is-layout-flow\">\n<p>&#8221;Tietysti voisi debunkata pelk\u00e4n danger hairin, vasemmistolaisuuden ja vallilalaisuudenkin perusteella, mutta riitt\u00e4\u00e4 kun sanoo ettei tytt\u00f6nen tietenk\u00e4\u00e4n ymm\u00e4rr\u00e4 mit\u00e4\u00e4n n\u00e4in isoista asioista.&#8221;&nbsp;<\/p>\n<\/blockquote>\n\n\n\n<p>-Nimim. &#8221;H\u00e4n&#8221;, Hommaforum&nbsp;<\/p>\n\n\n\n<blockquote class=\"wp-block-quote is-layout-flow wp-block-quote-is-layout-flow\">\n<p>\u201ct\u00e4\u00e4h\u00e4n vaikutti ihan tolkun tyypilt\u00e4, vaikka pakko my\u00f6nt\u00e4\u00e4 ett\u00e4 olin ennakkoluuloinen kun n\u00e4ytt\u00e4\u00e4 aikaste pal erikois vosulta\u201d<\/p>\n<\/blockquote>\n\n\n\n<p>-Nimim. \u201csaatanan merkit k\u00e4siss\u00e4in\u201d, Punk In Finland<\/p>\n","protected":false},"excerpt":{"rendered":"<p>Morjens! Olen Elina, ammattimaailmanparantaja Vallilasta. Synnyin 45 vuotta sitten turkulaiseen duunariperheeseen, muutin lukion j\u00e4lkeen Tampereelle opiskelemaan ja viimeiset 15 vuotta olen vaikuttanut Helsingiss\u00e4. Ty\u00f6skentelen ajatuspaja Vasemmistofoorumin tiedottajana ja KSL-opintokeskuksen kouluttajana, koska mik\u00e4\u00e4n ei ole niin t\u00e4rke\u00e4\u00e4 kuin ty\u00f6v\u00e4en sivistysty\u00f6. Olen perheeni ensimm\u00e4inen ylioppilas ja sukuni ensimm\u00e4inen akateeminen, ja haluan, ett\u00e4 my\u00f6s nykyisill\u00e4 ja tulevilla ty\u00f6v\u00e4enluokan [&hellip;]<\/p>\n","protected":false},"author":1,"featured_media":146,"parent":0,"menu_order":0,"comment_status":"closed","ping_status":"closed","template":"","meta":{"footnotes":""},"class_list":["post-169","page","type-page","status-publish","has-post-thumbnail","hentry"],"_links":{"self":[{"href":"https:\/\/www.elinavainikainen.fi\/index.php?rest_route=\/wp\/v2\/pages\/169","targetHints":{"allow":["GET"]}}],"collection":[{"href":"https:\/\/www.elinavainikainen.fi\/index.php?rest_route=\/wp\/v2\/pages"}],"about":[{"href":"https:\/\/www.elinavainikainen.fi\/index.php?rest_route=\/wp\/v2\/types\/page"}],"author":[{"embeddable":true,"href":"https:\/\/www.elinavainikainen.fi\/index.php?rest_route=\/wp\/v2\/users\/1"}],"replies":[{"embeddable":true,"href":"https:\/\/www.elinavainikainen.fi\/index.php?rest_route=%2Fwp%2Fv2%2Fcomments&post=169"}],"version-history":[{"count":1,"href":"https:\/\/www.elinavainikainen.fi\/index.php?rest_route=\/wp\/v2\/pages\/169\/revisions"}],"predecessor-version":[{"id":170,"href":"https:\/\/www.elinavainikainen.fi\/index.php?rest_route=\/wp\/v2\/pages\/169\/revisions\/170"}],"wp:featuredmedia":[{"embeddable":true,"href":"https:\/\/www.elinavainikainen.fi\/index.php?rest_route=\/wp\/v2\/media\/146"}],"wp:attachment":[{"href":"https:\/\/www.elinavainikainen.fi\/index.php?rest_route=%2Fwp%2Fv2%2Fmedia&parent=169"}],"curies":[{"name":"wp","href":"https:\/\/api.w.org\/{rel}","templated":true}]}}